{"id":2354,"date":"2020-07-08T22:14:44","date_gmt":"2020-07-08T22:14:44","guid":{"rendered":"https:\/\/plastilina.co\/web\/?page_id=2354"},"modified":"2020-07-09T16:24:40","modified_gmt":"2020-07-09T16:24:40","slug":"planes-camaleon","status":"publish","type":"page","link":"https:\/\/plastilina.co\/web\/planes-camaleon\/","title":{"rendered":"Planes camale\u00f3n"},"content":{"rendered":"[vc_row type=&#8221;full_width_background&#8221; full_screen_row_position=&#8221;middle&#8221; bg_image=&#8221;2294&#8243; bg_position=&#8221;left top&#8221; bg_repeat=&#8221;no-repeat&#8221; full_height=&#8221;yes&#8221; scene_position=&#8221;center&#8221; text_color=&#8221;dark&#8221; text_align=&#8221;left&#8221; overlay_strength=&#8221;0.3&#8243;][vc_column column_padding=&#8221;padding-5-percent&#8221; column_padding_position=&#8221;all&#8221; background_color_opacity=&#8221;1&#8243; background_hover_color_opacity=&#8221;1&#8243; background_image=&#8221;2293&#8243; column_shadow=&#8221;none&#8221; width=&#8221;1\/1&#8243; tablet_text_alignment=&#8221;default&#8221; phone_text_alignment=&#8221;default&#8221; column_border_width=&#8221;none&#8221; column_border_style=&#8221;solid&#8221;][vc_row_inner column_margin=&#8221;default&#8221; text_align=&#8221;left&#8221;][vc_column_inner column_padding=&#8221;no-extra-padding&#8221; column_padding_position=&#8221;all&#8221; background_color_opacity=&#8221;1&#8243; width=&#8221;1\/3&#8243; column_border_width=&#8221;none&#8221; column_border_style=&#8221;solid&#8221;][image_with_animation image_url=&#8221;2367&#8243; alignment=&#8221;&#8221; animation=&#8221;Fade In&#8221; box_shadow=&#8221;none&#8221; max_width=&#8221;100%&#8221;][\/vc_column_inner][vc_column_inner column_padding=&#8221;no-extra-padding&#8221; column_padding_position=&#8221;all&#8221; background_color_opacity=&#8221;1&#8243; width=&#8221;1\/3&#8243; column_border_width=&#8221;none&#8221; column_border_style=&#8221;solid&#8221;][vc_column_text]\n<h3>Estos planes est\u00e1n dise\u00f1ados para crear estrategias que se adapten a la situaci\u00f3n, para apoyar a las empresas y proyectos para darse a conocer y conquistar el mundo digital.<\/h3>\n[\/vc_column_text][\/vc_column_inner][vc_column_inner column_padding=&#8221;no-extra-padding&#8221; column_padding_position=&#8221;all&#8221; background_color_opacity=&#8221;1&#8243; width=&#8221;1\/3&#8243; column_border_width=&#8221;none&#8221; column_border_style=&#8221;solid&#8221;][\/vc_column_inner][\/vc_row_inner][\/vc_column][\/vc_row][vc_row type=&#8221;full_width_background&#8221; full_screen_row_position=&#8221;middle&#8221; bg_image=&#8221;2296&#8243; bg_position=&#8221;left top&#8221; bg_repeat=&#8221;no-repeat&#8221; full_height=&#8221;yes&#8221; scene_position=&#8221;center&#8221; text_color=&#8221;dark&#8221; text_align=&#8221;left&#8221; id=&#8221;redes&#8221; overlay_strength=&#8221;0.3&#8243;][vc_column column_padding=&#8221;padding-5-percent&#8221; column_padding_position=&#8221;all&#8221; background_color_opacity=&#8221;1&#8243; background_hover_color_opacity=&#8221;1&#8243; background_image=&#8221;2293&#8243; column_shadow=&#8221;none&#8221; width=&#8221;1\/1&#8243; tablet_text_alignment=&#8221;default&#8221; phone_text_alignment=&#8221;default&#8221; column_border_width=&#8221;none&#8221; column_border_style=&#8221;solid&#8221;][vc_row_inner column_margin=&#8221;default&#8221; text_align=&#8221;left&#8221;][vc_column_inner column_padding=&#8221;no-extra-padding&#8221; column_padding_position=&#8221;all&#8221; background_color_opacity=&#8221;1&#8243; width=&#8221;1\/3&#8243; column_border_width=&#8221;none&#8221; column_border_style=&#8221;solid&#8221;][image_with_animation image_url=&#8221;2371&#8243; alignment=&#8221;&#8221; animation=&#8221;Fade In&#8221; box_shadow=&#8221;none&#8221; max_width=&#8221;100%&#8221;][\/vc_column_inner][vc_column_inner column_padding=&#8221;padding-5-percent&#8221; column_padding_position=&#8221;right&#8221; background_color_opacity=&#8221;1&#8243; width=&#8221;1\/3&#8243; column_border_width=&#8221;none&#8221; column_border_style=&#8221;solid&#8221; offset=&#8221;vc_hidden-sm vc_hidden-xs&#8221;][vc_column_text]\n<h2>Plan b\u00e1sico redes sociales<\/h2>\n<h3>Si quieres entrar al mundo digital \u00a1Este plan se adapta a ti!<\/h3>\n<ul>\n<li>Hasta 24 piezas Distribuidas entre: Feed-Historias-plantillas y pauta.<\/li>\n<li>Administraci\u00f3n y pauta incluida.<\/li>\n<li>Dise\u00f1o y descripci\u00f3n de perfil de instagram.<\/li>\n<\/ul>\n<h3>Desde: $700.000 mensuales<\/h3>\n[\/vc_column_text][\/vc_column_inner][vc_column_inner boxed=&#8221;true&#8221; column_padding=&#8221;padding-5-percent&#8221; column_padding_position=&#8221;all&#8221; background_color_opacity=&#8221;1&#8243; width=&#8221;1\/3&#8243; column_border_width=&#8221;none&#8221; column_border_style=&#8221;solid&#8221; offset=&#8221;vc_hidden-lg vc_hidden-md&#8221;][vc_column_text]\n<h2>Plan b\u00e1sico redes sociales<\/h2>\n<h3>Si quieres entrar al mundo digital \u00a1Este plan se adapta a ti!<\/h3>\n<ul>\n<li>Hasta 24 piezas Distribuidas entre: Feed-Historias-plantillas y pauta.<\/li>\n<li>Administraci\u00f3n y pauta incluida.<\/li>\n<li>Dise\u00f1o y descripci\u00f3n de perfil de instagram.<\/li>\n<\/ul>\n<h3>Desde: $700.000 mensuales<\/h3>\n[\/vc_column_text][\/vc_column_inner][\/vc_row_inner][\/vc_column][\/vc_row][vc_row type=&#8221;full_width_background&#8221; full_screen_row_position=&#8221;middle&#8221; bg_image=&#8221;2298&#8243; bg_position=&#8221;left top&#8221; bg_repeat=&#8221;no-repeat&#8221; full_height=&#8221;yes&#8221; scene_position=&#8221;center&#8221; text_color=&#8221;light&#8221; text_align=&#8221;left&#8221; overlay_strength=&#8221;0.3&#8243;][vc_column column_padding=&#8221;padding-5-percent&#8221; column_padding_position=&#8221;all&#8221; background_color_opacity=&#8221;1&#8243; background_hover_color_opacity=&#8221;1&#8243; background_image=&#8221;2293&#8243; column_shadow=&#8221;none&#8221; width=&#8221;1\/1&#8243; tablet_text_alignment=&#8221;default&#8221; phone_text_alignment=&#8221;default&#8221; column_border_width=&#8221;none&#8221; column_border_style=&#8221;solid&#8221;][vc_row_inner column_margin=&#8221;default&#8221; text_align=&#8221;left&#8221;][vc_column_inner column_padding=&#8221;no-extra-padding&#8221; column_padding_position=&#8221;all&#8221; background_color_opacity=&#8221;1&#8243; width=&#8221;1\/3&#8243; column_border_width=&#8221;none&#8221; column_border_style=&#8221;solid&#8221;][image_with_animation image_url=&#8221;2377&#8243; alignment=&#8221;&#8221; animation=&#8221;Fade In&#8221; box_shadow=&#8221;none&#8221; max_width=&#8221;100%&#8221;][\/vc_column_inner][vc_column_inner column_padding=&#8221;no-extra-padding&#8221; column_padding_position=&#8221;all&#8221; background_color_opacity=&#8221;1&#8243; width=&#8221;1\/3&#8243; column_border_width=&#8221;none&#8221; column_border_style=&#8221;solid&#8221;][vc_column_text]\n<h2>Plan Completo Redes Sociales<\/h2>\n<ul>\n<li>Laboratorio creativo por mes.<\/li>\n<li>Micro campa\u00f1as mensuales.<\/li>\n<li>Parrilla de contenido mensual.<\/li>\n<li>Hasta 24 piezas Distribuidas entre: Feed-Historias-plantillas y pauta.<\/li>\n<li>Hasta 5 piezas gr\u00e1ficas adicionales.<\/li>\n<li>Administraci\u00f3n y pauta incluida.<\/li>\n<li>Dise\u00f1o y descripci\u00f3n de perfil de instagram.<\/li>\n<li>Informe mensual de interacci\u00f3n en redes sociales.<\/li>\n<li>Acompa\u00f1amiento estrat\u00e9gico.<\/li>\n<li>Fee m\u00ednimo 3 meses, pago mes anticipado.<\/li>\n<\/ul>\n<h3>Desde: $1,200.000 mensuales<\/h3>\n[\/vc_column_text][\/vc_column_inner][vc_column_inner column_padding=&#8221;no-extra-padding&#8221; column_padding_position=&#8221;all&#8221; background_color_opacity=&#8221;1&#8243; width=&#8221;1\/3&#8243; column_border_width=&#8221;none&#8221; column_border_style=&#8221;solid&#8221;][\/vc_column_inner][\/vc_row_inner][\/vc_column][\/vc_row][vc_row type=&#8221;full_width_background&#8221; full_screen_row_position=&#8221;middle&#8221; bg_image=&#8221;2300&#8243; bg_position=&#8221;left top&#8221; bg_repeat=&#8221;no-repeat&#8221; full_height=&#8221;yes&#8221; scene_position=&#8221;center&#8221; text_color=&#8221;dark&#8221; text_align=&#8221;left&#8221; id=&#8221;web&#8221; overlay_strength=&#8221;0.3&#8243;][vc_column column_padding=&#8221;padding-5-percent&#8221; column_padding_position=&#8221;all&#8221; background_color_opacity=&#8221;1&#8243; background_hover_color_opacity=&#8221;1&#8243; background_image=&#8221;2293&#8243; column_shadow=&#8221;none&#8221; width=&#8221;1\/1&#8243; tablet_text_alignment=&#8221;default&#8221; phone_text_alignment=&#8221;default&#8221; column_border_width=&#8221;none&#8221; column_border_style=&#8221;solid&#8221;][vc_row_inner column_margin=&#8221;default&#8221; text_align=&#8221;left&#8221;][vc_column_inner column_padding=&#8221;no-extra-padding&#8221; column_padding_position=&#8221;all&#8221; background_color_opacity=&#8221;1&#8243; width=&#8221;1\/3&#8243; column_border_width=&#8221;none&#8221; column_border_style=&#8221;solid&#8221;][image_with_animation image_url=&#8221;2380&#8243; alignment=&#8221;&#8221; animation=&#8221;Fade In&#8221; box_shadow=&#8221;none&#8221; max_width=&#8221;100%&#8221;][\/vc_column_inner][vc_column_inner column_padding=&#8221;no-extra-padding&#8221; column_padding_position=&#8221;all&#8221; background_color_opacity=&#8221;1&#8243; width=&#8221;1\/3&#8243; column_border_width=&#8221;none&#8221; column_border_style=&#8221;solid&#8221;][vc_column_text]\n<h2>Sitio Web b\u00e1sico.<\/h2>\n<h3>Incluye:<\/h3>\n<ul>\n<li>P\u00e1gina web de una pantalla desarrollada en plataforma WordPress.<\/li>\n<li>Formulario de contacto.<\/li>\n<li>Responsive design (visualizable en todos los dispositivos m\u00f3viles)<\/li>\n<li>1 etapa de correcci\u00f3n.<\/li>\n<\/ul>\n<h3>Desde: $750.000<\/h3>\n[\/vc_column_text][\/vc_column_inner][vc_column_inner column_padding=&#8221;no-extra-padding&#8221; column_padding_position=&#8221;all&#8221; background_color_opacity=&#8221;1&#8243; width=&#8221;1\/3&#8243; column_border_width=&#8221;none&#8221; column_border_style=&#8221;solid&#8221;][\/vc_column_inner][\/vc_row_inner][\/vc_column][\/vc_row][vc_row type=&#8221;full_width_background&#8221; full_screen_row_position=&#8221;middle&#8221; bg_image=&#8221;2302&#8243; bg_position=&#8221;left top&#8221; bg_repeat=&#8221;no-repeat&#8221; full_height=&#8221;yes&#8221; scene_position=&#8221;center&#8221; text_color=&#8221;light&#8221; text_align=&#8221;left&#8221; overlay_strength=&#8221;0.3&#8243;][vc_column column_padding=&#8221;padding-5-percent&#8221; column_padding_position=&#8221;all&#8221; background_color_opacity=&#8221;1&#8243; background_hover_color_opacity=&#8221;1&#8243; background_image=&#8221;2293&#8243; column_shadow=&#8221;none&#8221; width=&#8221;1\/1&#8243; tablet_text_alignment=&#8221;default&#8221; phone_text_alignment=&#8221;default&#8221; column_border_width=&#8221;none&#8221; column_border_style=&#8221;solid&#8221;][vc_row_inner column_margin=&#8221;default&#8221; text_align=&#8221;left&#8221;][vc_column_inner column_padding=&#8221;no-extra-padding&#8221; column_padding_position=&#8221;all&#8221; background_color_opacity=&#8221;1&#8243; width=&#8221;1\/3&#8243; column_border_width=&#8221;none&#8221; column_border_style=&#8221;solid&#8221;][image_with_animation image_url=&#8221;2384&#8243; alignment=&#8221;&#8221; animation=&#8221;Fade In&#8221; box_shadow=&#8221;none&#8221; max_width=&#8221;100%&#8221;][\/vc_column_inner][vc_column_inner column_padding=&#8221;no-extra-padding&#8221; column_padding_position=&#8221;all&#8221; background_color_opacity=&#8221;1&#8243; width=&#8221;1\/3&#8243; column_border_width=&#8221;none&#8221; column_border_style=&#8221;solid&#8221;][vc_column_text]\n<h2>Sitio Web completo<\/h2>\n<h3>Incluye:<\/h3>\n<ul>\n<li>Dise\u00f1o maqueta<\/li>\n<li>2 visualizaciones en Mockup.<\/li>\n<li>Sitio web basado en plataforma WordPress con hasta 4 secciones: (home, nosotros, servicios, contacto, etc).<\/li>\n<li>Responsive design (visualizable en todos los dispositivos m\u00f3viles).<\/li>\n<li>Hosting y Dominio por un a\u00f1o.<\/li>\n<li>2 etapas de correcci\u00f3n.<\/li>\n<\/ul>\n<h3>Desde: $1&#8217;200.000<\/h3>\n[\/vc_column_text][\/vc_column_inner][vc_column_inner column_padding=&#8221;no-extra-padding&#8221; column_padding_position=&#8221;all&#8221; background_color_opacity=&#8221;1&#8243; width=&#8221;1\/3&#8243; column_border_width=&#8221;none&#8221; column_border_style=&#8221;solid&#8221;][\/vc_column_inner][\/vc_row_inner][\/vc_column][\/vc_row][vc_row type=&#8221;full_width_background&#8221; full_screen_row_position=&#8221;middle&#8221; bg_image=&#8221;2304&#8243; bg_position=&#8221;left top&#8221; bg_repeat=&#8221;no-repeat&#8221; full_height=&#8221;yes&#8221; scene_position=&#8221;center&#8221; text_color=&#8221;light&#8221; text_align=&#8221;left&#8221; id=&#8221;marca&#8221; overlay_strength=&#8221;0.3&#8243;][vc_column column_padding=&#8221;padding-5-percent&#8221; column_padding_position=&#8221;all&#8221; background_color_opacity=&#8221;1&#8243; background_hover_color_opacity=&#8221;1&#8243; background_image=&#8221;2293&#8243; column_shadow=&#8221;none&#8221; width=&#8221;1\/1&#8243; tablet_text_alignment=&#8221;default&#8221; phone_text_alignment=&#8221;default&#8221; column_border_width=&#8221;none&#8221; column_border_style=&#8221;solid&#8221;][vc_row_inner column_margin=&#8221;default&#8221; text_align=&#8221;left&#8221;][vc_column_inner column_padding=&#8221;no-extra-padding&#8221; column_padding_position=&#8221;all&#8221; background_color_opacity=&#8221;1&#8243; width=&#8221;1\/3&#8243; column_border_width=&#8221;none&#8221; column_border_style=&#8221;solid&#8221;][image_with_animation image_url=&#8221;2386&#8243; alignment=&#8221;&#8221; animation=&#8221;Fade In&#8221; box_shadow=&#8221;none&#8221; max_width=&#8221;100%&#8221;][\/vc_column_inner][vc_column_inner column_padding=&#8221;no-extra-padding&#8221; column_padding_position=&#8221;all&#8221; background_color_opacity=&#8221;1&#8243; width=&#8221;1\/3&#8243; column_border_width=&#8221;none&#8221; column_border_style=&#8221;solid&#8221;][vc_column_text]\n<h2>Desarrollo de Marca<\/h2>\n<ul>\n<li>2 propuestas de creaci\u00f3n de marca (logo-identificador).<\/li>\n<li>1 etapa de correcci\u00f3n.<\/li>\n<li>Manual de marca (hasta 3 diapositivas)<\/li>\n<\/ul>\n<h3>Desde: $600.000<\/h3>\n[\/vc_column_text][\/vc_column_inner][vc_column_inner column_padding=&#8221;no-extra-padding&#8221; column_padding_position=&#8221;all&#8221; background_color_opacity=&#8221;1&#8243; width=&#8221;1\/3&#8243; column_border_width=&#8221;none&#8221; column_border_style=&#8221;solid&#8221;][\/vc_column_inner][\/vc_row_inner][\/vc_column][\/vc_row][vc_row type=&#8221;full_width_background&#8221; full_screen_row_position=&#8221;middle&#8221; bg_image=&#8221;2306&#8243; bg_position=&#8221;left top&#8221; bg_repeat=&#8221;no-repeat&#8221; full_height=&#8221;yes&#8221; scene_position=&#8221;center&#8221; text_color=&#8221;dark&#8221; text_align=&#8221;left&#8221; overlay_strength=&#8221;0.3&#8243;][vc_column column_padding=&#8221;padding-5-percent&#8221; column_padding_position=&#8221;all&#8221; background_color_opacity=&#8221;1&#8243; background_hover_color_opacity=&#8221;1&#8243; background_image=&#8221;2293&#8243; column_shadow=&#8221;none&#8221; width=&#8221;1\/1&#8243; tablet_text_alignment=&#8221;default&#8221; phone_text_alignment=&#8221;default&#8221; column_border_width=&#8221;none&#8221; column_border_style=&#8221;solid&#8221;][vc_row_inner column_margin=&#8221;default&#8221; text_align=&#8221;left&#8221;][vc_column_inner column_padding=&#8221;no-extra-padding&#8221; column_padding_position=&#8221;all&#8221; background_color_opacity=&#8221;1&#8243; width=&#8221;1\/3&#8243; column_border_width=&#8221;none&#8221; column_border_style=&#8221;solid&#8221;][image_with_animation image_url=&#8221;2389&#8243; alignment=&#8221;&#8221; animation=&#8221;Fade In&#8221; box_shadow=&#8221;none&#8221; max_width=&#8221;100%&#8221;][\/vc_column_inner][vc_column_inner column_padding=&#8221;padding-5-percent&#8221; column_padding_position=&#8221;right&#8221; background_color_opacity=&#8221;0.4&#8243; width=&#8221;1\/3&#8243; column_border_width=&#8221;none&#8221; column_border_style=&#8221;solid&#8221; offset=&#8221;vc_hidden-sm vc_hidden-xs&#8221;][vc_column_text]\n<h2>Desarrollo de Marca Completo<\/h2>\n<ul>\n<li>3 propuestas de creaci\u00f3n de<br \/>\nmarca (logo-identificador).<\/li>\n<li>2 etapas de correcci\u00f3n.<\/li>\n<li>Manual de marca (hasta 7 diapositivas).<\/li>\n<li>Papeler\u00eda b\u00e1sica (tarjetas personales,membrete, sobre).<\/li>\n<\/ul>\n<h3>Desde: $850.000<\/h3>\n[\/vc_column_text][\/vc_column_inner][vc_column_inner boxed=&#8221;true&#8221; column_padding=&#8221;padding-5-percent&#8221; column_padding_position=&#8221;all&#8221; background_color_opacity=&#8221;1&#8243; width=&#8221;1\/3&#8243; column_border_width=&#8221;none&#8221; column_border_style=&#8221;solid&#8221; offset=&#8221;vc_hidden-lg vc_hidden-md&#8221;][vc_column_text]\n<h2>Desarrollo de Marca Completo<\/h2>\n<ul>\n<li>3 propuestas de creaci\u00f3n de<br \/>\nmarca (logo-identificador).<\/li>\n<li>2 etapas de correcci\u00f3n.<\/li>\n<li>Manual de marca (hasta 7 diapositivas).<\/li>\n<li>Papeler\u00eda b\u00e1sica (tarjetas personales,membrete, sobre).<\/li>\n<\/ul>\n<h3>Desde: $850.000 mensuales<\/h3>\n[\/vc_column_text][\/vc_column_inner][\/vc_row_inner][\/vc_column][\/vc_row]\n","protected":false},"excerpt":{"rendered":"<p>[vc_row type=&#8221;full_width_background&#8221; full_screen_row_position=&#8221;middle&#8221; bg_image=&#8221;2294&#8243; bg_position=&#8221;left top&#8221; bg_repeat=&#8221;no-repeat&#8221; full_height=&#8221;yes&#8221; scene_position=&#8221;center&#8221; text_color=&#8221;dark&#8221; text_align=&#8221;left&#8221; overlay_strength=&#8221;0.3&#8243;][vc_column column_padding=&#8221;padding-5-percent&#8221; column_padding_position=&#8221;all&#8221; background_color_opacity=&#8221;1&#8243; background_hover_color_opacity=&#8221;1&#8243; background_image=&#8221;2293&#8243; column_shadow=&#8221;none&#8221; width=&#8221;1\/1&#8243; tablet_text_alignment=&#8221;default&#8221; phone_text_alignment=&#8221;default&#8221; column_border_width=&#8221;none&#8221; column_border_style=&#8221;solid&#8221;][vc_row_inner column_margin=&#8221;default&#8221; text_align=&#8221;left&#8221;][vc_column_inner column_padding=&#8221;no-extra-padding&#8221; column_padding_position=&#8221;all&#8221; background_color_opacity=&#8221;1&#8243; width=&#8221;1\/3&#8243; column_border_width=&#8221;none&#8221;&#8230;<\/p>\n","protected":false},"author":1,"featured_media":0,"parent":0,"menu_order":0,"comment_status":"closed","ping_status":"closed","template":"","meta":{"_monsterinsights_skip_tracking":false,"_monsterinsights_sitenote_active":false,"_monsterinsights_sitenote_note":"","_monsterinsights_sitenote_category":0,"spay_email":"","footnotes":""},"class_list":["post-2354","page","type-page","status-publish"],"yoast_head":"<!-- This site is optimized with the Yoast SEO plugin v23.8 - https:\/\/yoast.com\/wordpress\/plugins\/seo\/ -->\n<title>Planes camale\u00f3n - Plastilina Publicidad<\/title>\n<meta name=\"description\" content=\"Planes de estrategia y marketing digital. Promoci\u00f3n de mercadeo digital. Planes en promocion sitio web y redes sociales. Publicidad en redes sociales\" \/>\n<meta name=\"robots\" content=\"index, follow, max-snippet:-1, max-image-preview:large, max-video-preview:-1\" \/>\n<link rel=\"canonical\" href=\"https:\/\/plastilina.co\/web\/planes-camaleon\/\" \/>\n<meta property=\"og:locale\" content=\"es_ES\" \/>\n<meta property=\"og:type\" content=\"article\" \/>\n<meta property=\"og:title\" content=\"Planes camale\u00f3n - Plastilina Publicidad\" \/>\n<meta property=\"og:description\" content=\"Planes de estrategia y marketing digital. Promoci\u00f3n de mercadeo digital. Planes en promocion sitio web y redes sociales. Publicidad en redes sociales\" \/>\n<meta property=\"og:url\" content=\"https:\/\/plastilina.co\/web\/planes-camaleon\/\" \/>\n<meta property=\"og:site_name\" content=\"Plastilina Publicidad\" \/>\n<meta property=\"article:modified_time\" content=\"2020-07-09T16:24:40+00:00\" \/>\n<meta name=\"twitter:card\" content=\"summary_large_image\" \/>\n<meta name=\"twitter:label1\" content=\"Tiempo de lectura\" \/>\n\t<meta name=\"twitter:data1\" content=\"8 minutos\" \/>\n<script type=\"application\/ld+json\" class=\"yoast-schema-graph\">{\"@context\":\"https:\/\/schema.org\",\"@graph\":[{\"@type\":\"WebPage\",\"@id\":\"https:\/\/plastilina.co\/web\/planes-camaleon\/\",\"url\":\"https:\/\/plastilina.co\/web\/planes-camaleon\/\",\"name\":\"Planes camale\u00f3n - Plastilina Publicidad\",\"isPartOf\":{\"@id\":\"https:\/\/plastilina.co\/web\/#website\"},\"datePublished\":\"2020-07-08T22:14:44+00:00\",\"dateModified\":\"2020-07-09T16:24:40+00:00\",\"description\":\"Planes de estrategia y marketing digital. Promoci\u00f3n de mercadeo digital. Planes en promocion sitio web y redes sociales. Publicidad en redes sociales\",\"breadcrumb\":{\"@id\":\"https:\/\/plastilina.co\/web\/planes-camaleon\/#breadcrumb\"},\"inLanguage\":\"es\",\"potentialAction\":[{\"@type\":\"ReadAction\",\"target\":[\"https:\/\/plastilina.co\/web\/planes-camaleon\/\"]}]},{\"@type\":\"BreadcrumbList\",\"@id\":\"https:\/\/plastilina.co\/web\/planes-camaleon\/#breadcrumb\",\"itemListElement\":[{\"@type\":\"ListItem\",\"position\":1,\"name\":\"Home\",\"item\":\"https:\/\/plastilina.co\/web\/\"},{\"@type\":\"ListItem\",\"position\":2,\"name\":\"Planes camale\u00f3n\"}]},{\"@type\":\"WebSite\",\"@id\":\"https:\/\/plastilina.co\/web\/#website\",\"url\":\"https:\/\/plastilina.co\/web\/\",\"name\":\"Plastilina Publicidad\",\"description\":\"Laboratorio creativo\",\"publisher\":{\"@id\":\"https:\/\/plastilina.co\/web\/#organization\"},\"potentialAction\":[{\"@type\":\"SearchAction\",\"target\":{\"@type\":\"EntryPoint\",\"urlTemplate\":\"https:\/\/plastilina.co\/web\/?s={search_term_string}\"},\"query-input\":{\"@type\":\"PropertyValueSpecification\",\"valueRequired\":true,\"valueName\":\"search_term_string\"}}],\"inLanguage\":\"es\"},{\"@type\":\"Organization\",\"@id\":\"https:\/\/plastilina.co\/web\/#organization\",\"name\":\"Plastilina Publicidad\",\"url\":\"https:\/\/plastilina.co\/web\/\",\"logo\":{\"@type\":\"ImageObject\",\"inLanguage\":\"es\",\"@id\":\"https:\/\/plastilina.co\/web\/#\/schema\/logo\/image\/\",\"url\":\"https:\/\/plastilina.co\/web\/wp-content\/uploads\/2018\/10\/favicon.png\",\"contentUrl\":\"https:\/\/plastilina.co\/web\/wp-content\/uploads\/2018\/10\/favicon.png\",\"width\":512,\"height\":512,\"caption\":\"Plastilina Publicidad\"},\"image\":{\"@id\":\"https:\/\/plastilina.co\/web\/#\/schema\/logo\/image\/\"}}]}<\/script>\n<!-- \/ Yoast SEO plugin. -->","yoast_head_json":{"title":"Planes camale\u00f3n - Plastilina Publicidad","description":"Planes de estrategia y marketing digital. Promoci\u00f3n de mercadeo digital. Planes en promocion sitio web y redes sociales. Publicidad en redes sociales","robots":{"index":"index","follow":"follow","max-snippet":"max-snippet:-1","max-image-preview":"max-image-preview:large","max-video-preview":"max-video-preview:-1"},"canonical":"https:\/\/plastilina.co\/web\/planes-camaleon\/","og_locale":"es_ES","og_type":"article","og_title":"Planes camale\u00f3n - Plastilina Publicidad","og_description":"Planes de estrategia y marketing digital. Promoci\u00f3n de mercadeo digital. Planes en promocion sitio web y redes sociales. Publicidad en redes sociales","og_url":"https:\/\/plastilina.co\/web\/planes-camaleon\/","og_site_name":"Plastilina Publicidad","article_modified_time":"2020-07-09T16:24:40+00:00","twitter_card":"summary_large_image","twitter_misc":{"Tiempo de lectura":"8 minutos"},"schema":{"@context":"https:\/\/schema.org","@graph":[{"@type":"WebPage","@id":"https:\/\/plastilina.co\/web\/planes-camaleon\/","url":"https:\/\/plastilina.co\/web\/planes-camaleon\/","name":"Planes camale\u00f3n - Plastilina Publicidad","isPartOf":{"@id":"https:\/\/plastilina.co\/web\/#website"},"datePublished":"2020-07-08T22:14:44+00:00","dateModified":"2020-07-09T16:24:40+00:00","description":"Planes de estrategia y marketing digital. Promoci\u00f3n de mercadeo digital. Planes en promocion sitio web y redes sociales. Publicidad en redes sociales","breadcrumb":{"@id":"https:\/\/plastilina.co\/web\/planes-camaleon\/#breadcrumb"},"inLanguage":"es","potentialAction":[{"@type":"ReadAction","target":["https:\/\/plastilina.co\/web\/planes-camaleon\/"]}]},{"@type":"BreadcrumbList","@id":"https:\/\/plastilina.co\/web\/planes-camaleon\/#breadcrumb","itemListElement":[{"@type":"ListItem","position":1,"name":"Home","item":"https:\/\/plastilina.co\/web\/"},{"@type":"ListItem","position":2,"name":"Planes camale\u00f3n"}]},{"@type":"WebSite","@id":"https:\/\/plastilina.co\/web\/#website","url":"https:\/\/plastilina.co\/web\/","name":"Plastilina Publicidad","description":"Laboratorio creativo","publisher":{"@id":"https:\/\/plastilina.co\/web\/#organization"},"potentialAction":[{"@type":"SearchAction","target":{"@type":"EntryPoint","urlTemplate":"https:\/\/plastilina.co\/web\/?s={search_term_string}"},"query-input":{"@type":"PropertyValueSpecification","valueRequired":true,"valueName":"search_term_string"}}],"inLanguage":"es"},{"@type":"Organization","@id":"https:\/\/plastilina.co\/web\/#organization","name":"Plastilina Publicidad","url":"https:\/\/plastilina.co\/web\/","logo":{"@type":"ImageObject","inLanguage":"es","@id":"https:\/\/plastilina.co\/web\/#\/schema\/logo\/image\/","url":"https:\/\/plastilina.co\/web\/wp-content\/uploads\/2018\/10\/favicon.png","contentUrl":"https:\/\/plastilina.co\/web\/wp-content\/uploads\/2018\/10\/favicon.png","width":512,"height":512,"caption":"Plastilina Publicidad"},"image":{"@id":"https:\/\/plastilina.co\/web\/#\/schema\/logo\/image\/"}}]}},"_links":{"self":[{"href":"https:\/\/plastilina.co\/web\/wp-json\/wp\/v2\/pages\/2354"}],"collection":[{"href":"https:\/\/plastilina.co\/web\/wp-json\/wp\/v2\/pages"}],"about":[{"href":"https:\/\/plastilina.co\/web\/wp-json\/wp\/v2\/types\/page"}],"author":[{"embeddable":true,"href":"https:\/\/plastilina.co\/web\/wp-json\/wp\/v2\/users\/1"}],"replies":[{"embeddable":true,"href":"https:\/\/plastilina.co\/web\/wp-json\/wp\/v2\/comments?post=2354"}],"version-history":[{"count":39,"href":"https:\/\/plastilina.co\/web\/wp-json\/wp\/v2\/pages\/2354\/revisions"}],"predecessor-version":[{"id":2414,"href":"https:\/\/plastilina.co\/web\/wp-json\/wp\/v2\/pages\/2354\/revisions\/2414"}],"wp:attachment":[{"href":"https:\/\/plastilina.co\/web\/wp-json\/wp\/v2\/media?parent=2354"}],"curies":[{"name":"wp","href":"https:\/\/api.w.org\/{rel}","templated":true}]}}